67 is divided by 2458.
2457
Calculate the remainder when 107658284 is divided by 8036.
8028
Calculate the remainder when 16367 is divided by 3797.
1179
What is the remainder when 15868 is divided by 1322?
4
Calculate the remainder when 492906 is divided by 21292.
3190
What is the remainder when 272066 is divided by 272018?
48
Calculate the remainder when 1064524 is divided by 76037.
6
What is the remainder when 128894 is divided by 1894?
102
Calculate the remainder when 23499383 is divided by 652.
651
What is the remainder when 842113077 is divided by 360?
357
Calculate the remainder when 198268067 is divided by 286.
283
What is the remainder when 7446169 is divided by 6044?
6005
Calculate the remainder when 3331469 is divided by 1669.
145
Calculate the remainder when 2779907 is divided by 297.
284
Calculate the remainder when 6161592 is divided by 2053856.
24
What is the remainder when 308067 is divided by 977?
312
Calculate the remainder when 8241730 is divided by 749248.
2
Calculate the remainder when 4136601 is divided by 2068295.
11
Calculate the remainder when 45606 is divided by 492.
342
Calculate the remainder when 5946019 is divided by 56.
51
Calculate the remainder when 1613235 is divided by 13788.
39
What is the remainder when 9477517 is divided by 4738742?
33
Calculate the remainder when 283633 is divided by 4171.
5
What is the remainder when 625781 is divided by 155?
46
What is the remainder when 32010994 is divided by 41?
39
Calculate the remainder when 4412 is divided by 1907.
598
What is the remainder when 16927758 is divided by 16927698?
60
What is the remainder when 2662909 is divided by 48?
13
Calculate the remainder when 40415 is divided by 40255.
160
What is the remainder when 5289368 is divided by 13703?
10
What is the remainder when 276337 is divided by 1151?
97
Calculate the remainder when 36253 is divided by 35143.
1110
What is the remainder when 704121 is divided by 41417?
32
What is the remainder when 3649090 is divided by 953?
53
Calculate the remainder when 5564047 is divided by 1053.
1048
Calculate the remainder when 104201 is divided by 62.
41
What is the remainder when 162824 is divided by 54212?
188
What is the remainder when 307377 is divided by 108?
9
Calculate the remainder when 26548 is divided by 4.
0
Calculate the remainder when 9332 is divided by 6780.
2552
Calculate the remainder when 174443 is divided by 207.
149
Calculate the remainder when 9886533 is divided by 342.
339
What is the remainder when 1572010 is divided by 7244?
62
What is the remainder when 78487511 is divided by 460?
11
Calculate the remainder when 366490 is divided by 91592.
122
What is the remainder when 216145 is divided by 25?
20
Calculate the remainder when 34464423 is divided by 3829380.
3
Calculate the remainder when 5213104 is divided by 342.
340
Calculate the remainder when 45690508 is divided by 86.
84
What is the remainder when 4162124 is divided by 944?
28
Calculate the remainder when 40516 is divided by 29.
3
What is the remainder when 118506073 is divided by 1120?
1113
Calculate the remainder when 37007 is divided by 18476.
55
What is the remainder when 30944 is divided by 2574?
56
Calculate the remainder when 1268080009 is divided by 178.
177
Calculate the remainder when 934070 is divided by 200.
70
What is the remainder when 52269801 is divided by 5060?
1
Calculate the remainder when 503921 is divided by 734.
397
Calculate the remainder when 2749172 is divided by 1295.
1182
What is the remainder when 347423 is divided by 6681?
11
What is the remainder when 169985156 is divided by 166?
160
What is the remainder when 1542381 is divided by 10?
1
Calculate the remainder when 8643633 is divided by 11039.
96
What is the remainder when 306382995 is divided by 164?
163
What is the remainder when 565917 is divided by 106?
89
What is the remainder when 399327 is divided by 2434?
151
Calculate the remainder when 1254674 is divided by 156834.
2
What is the remainder when 115741 is divided by 372?
49
Calculate the remainder when 1132387 is divided by 144.
115
Calculate the remainder when 3045995 is divided by 347.
29
What is the remainder when 1891184 is divided by 898?
894
What is the remainder when 50299874 is divided by 7185690?
44
Calculate the remainder when 23423799 is divided by 17705.
84
Calculate the remainder when 9714459 is divided by 1386.
1371
What is the remainder when 1937187 is divided by 73?
59
What is the remainder when 33412894 is divided by 21?
4
Calculate the remainder when 601420 is divided by 5272.
412
What is the remainder when 12285688 is divided by 6?
4
Calculate the remainder when 3952980 is divided by 148.
48
Calculate the remainder when 9169 is divided by 695.
134
What is the remainder when 470650 is divided by 1462?
1348
Calculate the remainder when 195681 is divided by 48911.
37
What is the remainder when 18866556 is divided by 1073?
1070
What is the remainder when 507194 is divided by 168880?
554
Calculate the remainder when 28751947 is divided by 26.
3
Calculate the remainder when 618728 is divided by 5899.
5232
Calculate the remainder when 81191711 is divided by 57.
56
What is the remainder when 1398448 is divided by 466127?
67
What is the remainder when 4767254 is divided by 75?
29
What is the remainder when 297642 is divided by 148374?
894
Calculate the remainder when 203091 is divided by 2161.
2118
Calculate the remainder when 6753245 is divided by 6752983.
262
What is the remainder when 857306 is divided by 377?
8
What is the remainder when 453688 is divided by 274?
218
Calculate the remainder when 1084914 is divided by 28.
26
What is the remainder when 206612330 is divided by 20978?
8
What is the remainder when 4747938 is divided by 4747924?
14
What is the remainder when 964225 is divided by 96418?
45
Calculate the remainder when 256113487 is divided by 5.
2
Calculate the remainder when 1112571 is divided by 7668.
711
What is the remainder when 1407304 is divided by 11?
8
What is the remainder when 146467 is divided by 18307?
11
What is the remainder when 398074 is divided by 28?
26
What is the remainder when 43377164 is divided by 46?
38
What is the remainder when 237744 is divided by 92?
16
Calculate the remainder when 1028325 is divided by 406.
333
Calculate the remainder when 16693 is divided by 5463.
304
What is the remainder when 16398078 is divided by 736?
734
What is the remainder when 135835 is divided by 6728?
1275
Calculate the remainder when 28046 is divided by 298.
34
What is the remainder when 215503 is divided by 962?
15
Calculate the remainder when 750903 is divided by 11552.
23
What is the remainder when 16405960 is divided by 47?
46
Calculate the remainder when 2069941 is divided by 1034785.
371
What is the remainder when 3632353 is divided by 2385?
2383
What is the remainder when 89245759 is divided by 1160?
1159
Calculate the remainder when 1044063 is divided by 1315.
1268
What is the remainder when 161188 is divided by 746?
52
What is the remainder when 5748852 is divided by 11?
10
Calculate the remainder when 52865022 is divided by 74.
14
What is the remainder when 80052 is divided by 11429?
49
What is the remainder when 2515325 is divided by 42?
29
What is the remainder when 1021385 is divided by 121?
24
What is the remainder when 127583 is divided by 9037?
1065
Calculate the remainder when 18739 is divided by 1242.
109
What is the remainder when 48156449 is divided by 2318?
2317
What is the remainder when 287438 is divided by 57482?
28
What is the remainder when 1821023 is divided by 49?
36
Calculate the remainder when 73730 is divided by 9205.
90
Calculate the remainder when 6469152 is divided by 685.
12
What is the remainder when 3051113 is divided by 10935?
248
What is the remainder when 4190669 is divided by 383?
266
What is the remainder when 2541095 is divided by 574?
571
What is the remainder when 2208999 is divided by 2116?
2011
Calculate the remainder when 159625 is divided by 25.
0
What is the remainder when 2196288 is divided by 73?
10
What is the remainder when 548104297 is divided by 7516?
7513
Calculate the remainder when 178518 is divided by 6783.
2160
What is the remainder when 9853 is divided by 54?
25
Calculate the remainder when 72299 is divided by